{"id":2730,"date":"2025-03-15T09:44:13","date_gmt":"2025-03-15T09:44:13","guid":{"rendered":"https:\/\/mmm.massageimaalov.dk\/?page_id=2730"},"modified":"2025-03-16T18:51:07","modified_gmt":"2025-03-16T18:51:07","slug":"boern-og-unge","status":"publish","type":"page","link":"https:\/\/mmm.massageimaalov.dk\/?page_id=2730","title":{"rendered":"B\u00f8rn og Unge"},"content":{"rendered":"\n\n  <div class=\"banner has-hover\" id=\"banner-1204576392\">\n          <div class=\"banner-inner fill\">\n        <div class=\"banner-bg fill\" >\n            <img loading=\"lazy\" decoding=\"async\" width=\"1020\" height=\"293\" src=\"https:\/\/mmm.massageimaalov.dk\/wp-content\/uploads\/2023\/05\/Sportsmassage-1024x294.png\" class=\"bg attachment-large size-large\" alt=\"\" \/>                                    \n                    <\/div>\n\t\t\n        <div class=\"banner-layers container\">\n            <div class=\"fill banner-link\"><\/div>            \n\n   <div id=\"text-box-508114526\" class=\"text-box banner-layer x50 md-x50 lg-x50 y50 md-y50 lg-y50 res-text\">\n                                <div class=\"text-box-content text dark\">\n              \n              <div class=\"text-inner text-center\">\n                  \n\n\n              <\/div>\n           <\/div>\n                            \n<style>\n#text-box-508114526 {\n  width: 60%;\n}\n#text-box-508114526 .text-box-content {\n  font-size: 100%;\n}\n<\/style>\n    <\/div>\n \n\n        <\/div>\n      <\/div>\n\n            \n<style>\n#banner-1204576392 {\n  padding-top: 125px;\n}\n@media (min-width:550px) {\n  #banner-1204576392 {\n    padding-top: 300px;\n  }\n}\n<\/style>\n  <\/div>\n\n\n\n\t<section class=\"section\" id=\"section_2117148295\">\n\t\t<div class=\"section-bg fill\" >\n\t\t\t\t\t\t\t\t\t\n\t\t\t\n\n\t\t<\/div>\n\n\t\t\n\n\t\t<div class=\"section-content relative\">\n\t\t\t\n\n<div class=\"row row-full-width\"  id=\"row-1591595565\">\n\n\n\t<div id=\"col-966788760\" class=\"col hide-for-small medium-1 small-12 large-1\"  >\n\t\t\t\t<div class=\"col-inner\"  >\n\t\t\t\n\t\t\t\n\n\n\t\t<\/div>\n\t\t\t\t\t<\/div>\n\n\t\n\n\t<div id=\"col-740392600\" class=\"col medium-10 small-12 large-10\"  >\n\t\t\t\t<div class=\"col-inner\" style=\"background-color:rgb(255, 255, 255);\" >\n\t\t\t\n\t\t\t\n\n\t<div id=\"text-1500596040\" class=\"text col-padding-left-right-top col-padding-bottom\">\n\t\t\n\n<p><h3 class=\"uppercase\">Sportsmassage til b\u00f8rn og unge \u2013 til en s\u00e6rligt god pris<\/h3>\n<p>\nUanset om dit barn dyrker idr\u00e6t p\u00e5 h\u00f8jt niveau eller bare har fart p\u00e5 i skoleg\u00e5rden, kan en sportsmassage v\u00e6re med til at l\u00f8sne kroppen op og lindre \u00f8mme muskler.<\/p>\n<p>Det betyder meget for mig at kunne st\u00f8tte b\u00f8rn og unge i at v\u00e6re aktive og f\u00f8lge deres passion, og det er vigtigt for mig, at alle har mulighed for at f\u00e5 den behandling, de har brug for. Derfor har jeg en s\u00e6rligt lav pris p\u00e5 massagebehandlinger til b\u00f8rn og unge.<\/p>\n<p><h5>Sport \u2013 eller bare et aktivt barn?<\/h5>\n<p>\nSelvom b\u00f8rn og unge har en frisk, st\u00e6rk krop, bliver de ogs\u00e5 ramt af \u00f8mhed, sp\u00e6ndinger og stive muskler af og til.<br \/>\nUanset om dit barn dyrker sport p\u00e5 h\u00f8jt niveau eller bare har v\u00e6ret i gang i skoleg\u00e5rden, er \u00f8mme muskler helt normalt \u2013 men det er ikke behageligt.<br \/>\nEn massagebehandling kan lindre \u00f8mheden og hj\u00e6lpe barnet med hurtigere at f\u00f8le sig tilpas og klar til mere aktiv leg.<\/p>\n<p><h5>Dyrker dit barn konkurrencesport?<\/h5>\n<p>\nAktive b\u00f8rn, der bruger mange timer om ugen p\u00e5 deres sport, har tit \u00f8mme muskler efter h\u00e5rd tr\u00e6ning eller en weekend med kamp eller st\u00e6vne. Nerv\u00f8sitet op til s\u00e6rligt vigtige kampe og st\u00e6vner kan ogs\u00e5 s\u00e6tte sig som sp\u00e6ndinger i kroppen, der er sv\u00e6re at slippe af med.<\/p>\n<p>Hvis du kan m\u00e6rke, at dit barn har brug for lidt ekstra for at f\u00e5 kroppen helt klar til en s\u00e6rligt vigtig weekend, eller du m\u00e6rker, at dit barn er nerv\u00f8st, kan en sportsmassage hj\u00e6lpe med at f\u00e5 kroppen og musklerne til at slappe af, s\u00e5 dit barn har bedst mulige vilk\u00e5r for at opn\u00e5 det resultat, som han eller hun har sat sig for.<\/p>\n<p>Har dit barn v\u00e6ret til st\u00e6vne, kamp eller p\u00e5 tr\u00e6ningslejr, kan en sportsmassage ogs\u00e5 v\u00e6re en god id\u00e9 for at give barnet lidt ekstra velv\u00e6re og samtidig hj\u00e6lpe kroppen til hurtigere at v\u00e6re klar til den daglige tr\u00e6ning igen.<\/p>\n\t\t\t<\/div>\n\t\n\n\t\t<\/div>\n\t\t\t\t\t<\/div>\n\n\t\n\n\t<div id=\"col-1818291294\" class=\"col hide-for-small medium-1 small-12 large-1\"  >\n\t\t\t\t<div class=\"col-inner\"  >\n\t\t\t\n\t\t\t\n\n\n\t\t<\/div>\n\t\t\t\t\t<\/div>\n\n\t\n\n<\/div>\n<div class=\"row row-full-width align-center\"  id=\"row-1489457650\">\n\n\n\t<div id=\"col-1926140379\" class=\"col medium-10 small-12 large-10\"  >\n\t\t\t\t<div class=\"col-inner text-center\" style=\"background-color:rgb(255,255,255);\" >\n\t\t\t\n\t\t\t\n\n<a href=\"\/?page_id=108\" class=\"button primary\"  >\n\t\t<span>Book her<\/span>\n\t<\/a>\n\n\n\n\t\t<\/div>\n\t\t\t\t\n<style>\n#col-1926140379 > .col-inner {\n  margin: -30px 0px 0px 0px;\n}\n<\/style>\n\t<\/div>\n\n\t\n\n<\/div>\n\n\t\t<\/div>\n\n\t\t\n<style>\n#section_2117148295 {\n  padding-top: 30px;\n  padding-bottom: 30px;\n  background-color: rgb(229, 152, 84);\n}\n<\/style>\n\t<\/section>\n\t\n\n","protected":false},"excerpt":{"rendered":"","protected":false},"author":5,"featured_media":0,"parent":0,"menu_order":0,"comment_status":"closed","ping_status":"closed","template":"page-blank.php","meta":{"footnotes":""},"class_list":["post-2730","page","type-page","status-publish","hentry"],"_links":{"self":[{"href":"https:\/\/mmm.massageimaalov.dk\/index.php?rest_route=\/wp\/v2\/pages\/2730","targetHints":{"allow":["GET"]}}],"collection":[{"href":"https:\/\/mmm.massageimaalov.dk\/index.php?rest_route=\/wp\/v2\/pages"}],"about":[{"href":"https:\/\/mmm.massageimaalov.dk\/index.php?rest_route=\/wp\/v2\/types\/page"}],"author":[{"embeddable":true,"href":"https:\/\/mmm.massageimaalov.dk\/index.php?rest_route=\/wp\/v2\/users\/5"}],"replies":[{"embeddable":true,"href":"https:\/\/mmm.massageimaalov.dk\/index.php?rest_route=%2Fwp%2Fv2%2Fcomments&post=2730"}],"version-history":[{"count":3,"href":"https:\/\/mmm.massageimaalov.dk\/index.php?rest_route=\/wp\/v2\/pages\/2730\/revisions"}],"predecessor-version":[{"id":2833,"href":"https:\/\/mmm.massageimaalov.dk\/index.php?rest_route=\/wp\/v2\/pages\/2730\/revisions\/2833"}],"wp:attachment":[{"href":"https:\/\/mmm.massageimaalov.dk\/index.php?rest_route=%2Fwp%2Fv2%2Fmedia&parent=2730"}],"curies":[{"name":"wp","href":"https:\/\/api.w.org\/{rel}","templated":true}]}}