{"id":2506,"date":"2024-12-16T18:15:34","date_gmt":"2024-12-16T18:15:34","guid":{"rendered":"https:\/\/mmm.massageimaalov.dk\/?page_id=2506"},"modified":"2025-03-16T18:52:07","modified_gmt":"2025-03-16T18:52:07","slug":"haevelse-og-oedem","status":"publish","type":"page","link":"https:\/\/mmm.massageimaalov.dk\/?page_id=2506","title":{"rendered":"H\u00e6velse og \u00f8dem"},"content":{"rendered":"\n\n  <div class=\"banner has-hover\" id=\"banner-2107426620\">\n          <div class=\"banner-inner fill\">\n        <div class=\"banner-bg fill\" >\n                                                \n                    <\/div>\n\t\t\n        <div class=\"banner-layers container\">\n            <div class=\"fill banner-link\"><\/div>            \n\n   <div id=\"text-box-9069407\" class=\"text-box banner-layer x50 md-x50 lg-x50 y50 md-y50 lg-y50 res-text\">\n                                <div class=\"text-box-content text dark\">\n              \n              <div class=\"text-inner text-center\">\n                  \n\n\t<div id=\"text-2581953031\" class=\"text\">\n\t\t\n\n<div class=\"uppercase\"><strong>H\u00e6velser og v\u00e6skeophobning<\/strong><\/div>\n\t\t\n<style>\n#text-2581953031 {\n  font-size: 1.55rem;\n}\n@media (min-width:550px) {\n  #text-2581953031 {\n    font-size: 3.5rem;\n  }\n}\n<\/style>\n\t<\/div>\n\t\n\n              <\/div>\n           <\/div>\n                            \n<style>\n#text-box-9069407 {\n  width: 60%;\n}\n#text-box-9069407 .text-box-content {\n  font-size: 100%;\n}\n<\/style>\n    <\/div>\n \n\n        <\/div>\n      <\/div>\n\n            \n<style>\n#banner-2107426620 {\n  padding-top: 125px;\n}\n@media (min-width:550px) {\n  #banner-2107426620 {\n    padding-top: 300px;\n  }\n}\n<\/style>\n  <\/div>\n\n\n\n\t<section class=\"section\" id=\"section_195126359\">\n\t\t<div class=\"section-bg fill\" >\n\t\t\t\t\t\t\t\t\t\n\t\t\t\n\n\t\t<\/div>\n\n\t\t\n\n\t\t<div class=\"section-content relative\">\n\t\t\t\n\n<div class=\"row row-full-width\"  id=\"row-428185204\">\n\n\n\t<div id=\"col-1829796818\" class=\"col hide-for-small medium-1 small-12 large-1\"  >\n\t\t\t\t<div class=\"col-inner\"  >\n\t\t\t\n\t\t\t\n\n\n\t\t<\/div>\n\t\t\t\t\t<\/div>\n\n\t\n\n\t<div id=\"col-1551011008\" class=\"col medium-10 small-12 large-10\"  >\n\t\t\t\t<div class=\"col-inner\" style=\"background-color:rgb(255, 255, 255);\" >\n\t\t\t\n\t\t\t\n\n\t<div id=\"text-1473752041\" class=\"text col-padding-left-right-top col-padding-bottom\">\n\t\t\n\n<h3 class=\"uppercase\">Behandling af h\u00e6velser<\/h3>\n<p><\/b><br \/>Denne behandling er udviklet til at reducere h\u00e6velser eller v\u00e6skeophobninger i ben, arme eller hals. Gennem blide, rytmiske bev\u00e6gelser stimuleres kroppens naturlige udrensning, hvilket hj\u00e6lper med at fjerne overskydende v\u00e6ske, mindske sp\u00e6ndinger og give en f\u00f8lelse af lethed i kroppen.<\/p>\n<p class=\"p1\">\n<h5>Behandlingen hj\u00e6lper med at:<\/h5>\n<p>\u2705 Reducere h\u00e6vede eller tunge ben, arme og h\u00e6nder<br \/>\u2705 Fremme blodcirkulationen og v\u00e6skebalancen<br \/>\u2705 Lindre ubehag for\u00e5rsaget af v\u00e6skeophobning<br \/>\u2705 St\u00f8tte kroppens naturlige udrensning<br \/>\u2705 Afhj\u00e6lpe tr\u00e6thed og uro i kroppen<\/p>\n<p class=\"p1\">Behandlingen starter med lette, afsp\u00e6ndende teknikker for at s\u00e6tte gang i kroppens naturlige flow. Derefter arbejdes der n\u00e6nsomt med de omr\u00e5der, hvor v\u00e6ske har ophobet sig, for at st\u00f8tte kroppen i at komme af med overskydende v\u00e6ske og affaldsstoffer. De blide tryk og bev\u00e6gelser hj\u00e6lper med at lette f\u00f8lelsen af tyngde, sp\u00e6nding og \u00f8mhed.<\/p>\n<p class=\"p1\"><b>For bedste resultat anbefales det at gennemg\u00e5 3 behandlinger over kort tid, medmindre h\u00e6velsen er v\u00e6k. Efterf\u00f8lgende kan du v\u00e6lge at f\u00e5 en vedligeholdende behandling cirka en gang om m\u00e5neden.<\/b><b><\/b><\/p>\n<p class=\"p1\">Denne behandling er ideel for dig, der oplever h\u00e6velser efter stillesiddende arbejde, l\u00e6ngerevarende st\u00e5ende aktiviteter, hormonelle forandringer eller efter operationer. Efter behandlingen vil du m\u00e6rke en \u00f8get lethed i kroppen, mindre sp\u00e6nding og forbedret velv\u00e6re.<\/p>\n\t\t\t<\/div>\n\t\n\n\t\t<\/div>\n\t\t\t\t\t<\/div>\n\n\t\n\n\t<div id=\"col-1686455561\" class=\"col hide-for-small medium-1 small-12 large-1\"  >\n\t\t\t\t<div class=\"col-inner\"  >\n\t\t\t\n\t\t\t\n\n\n\t\t<\/div>\n\t\t\t\t\t<\/div>\n\n\t\n\n<\/div>\n<div class=\"row row-full-width align-center\"  id=\"row-2059653407\">\n\n\n\t<div id=\"col-364518534\" class=\"col medium-10 small-12 large-10\"  >\n\t\t\t\t<div class=\"col-inner text-center\" style=\"background-color:rgb(255,255,255);\" >\n\t\t\t\n\t\t\t\n\n<a href=\"\/?page_id=108\" class=\"button primary\"  >\n\t\t<span>Book her<\/span>\n\t<\/a>\n\n\n\n\t\t<\/div>\n\t\t\t\t\n<style>\n#col-364518534 > .col-inner {\n  margin: -30px 0px 0px 0px;\n}\n<\/style>\n\t<\/div>\n\n\t\n\n<\/div>\n\n\t\t<\/div>\n\n\t\t\n<style>\n#section_195126359 {\n  padding-top: 30px;\n  padding-bottom: 30px;\n  background-color: rgb(229, 152, 84);\n}\n<\/style>\n\t<\/section>\n\t\n\n\t<section class=\"section dark\" id=\"section_1729557980\">\n\t\t<div class=\"section-bg fill\" >\n\t\t\t\t\t\t\t\t\t\n\t\t\t\n\n\t\t<\/div>\n\n\t\t\n\n\t\t<div class=\"section-content relative\">\n\t\t\t\n\n<div class=\"row\"  id=\"row-360935384\">\n\n\n\t<div id=\"col-375412748\" class=\"col medium-3 small-12 large-3\"  >\n\t\t\t\t<div class=\"col-inner text-center\"  >\n\t\t\t\n\t\t\t\n\n\t<div id=\"text-1690973298\" class=\"text\">\n\t\t\n\n<p><h5>Aflysning eller afbud<\/h5>\n<\/p>\n<p>\nAfbud skal ske p\u00e5 mail senest dagen f\u00f8r din tid(sms modtages ikke).<br \/>\nSkriv til: info@m\u00e5l\u00f8vmuskelmassage.dk<\/p>\n<p><h5>Afbuds politik:<\/h5>\n<\/p>\n<p>\nVed udeblivelse , opkr\u00e6ves der 100% af behandlingsprisen.<\/p>\n<p>Afbud p\u00e5 dagen opkr\u00e6ves der 50% af behandlingsprisen.<\/p>\n\t\t\n<style>\n#text-1690973298 {\n  font-size: 0.85rem;\n  text-align: left;\n}\n<\/style>\n\t<\/div>\n\t\n\n\t\t<\/div>\n\t\t\t\t\t<\/div>\n\n\t\n\n\t<div id=\"col-281337027\" class=\"col medium-3 small-12 large-3\"  >\n\t\t\t\t<div class=\"col-inner text-center\"  >\n\t\t\t\n\t\t\t\n\n\n\t\t<\/div>\n\t\t\t\t\t<\/div>\n\n\t\n\n\t<div id=\"col-998617566\" class=\"col medium-3 small-12 large-3\"  >\n\t\t\t\t<div class=\"col-inner text-center\"  >\n\t\t\t\n\t\t\t\n\n\n\t\t<\/div>\n\t\t\t\t\t<\/div>\n\n\t\n\n\t<div id=\"col-1291648115\" class=\"col medium-3 small-12 large-3\"  >\n\t\t\t\t<div class=\"col-inner text-center\"  >\n\t\t\t\n\t\t\t\n\n\t<div id=\"text-1471723345\" class=\"text\">\n\t\t\n\n<p><h5>M\u00c5L\u00d8V MUSKEL MASSAGE<\/h3>\n<p>\nLiljevangsvej 2, 2760 M\u00e5l\u00f8v<br \/>\nTlf.:31121264 &#8211; SMS<br \/>\nEmail: info@m\u00e5l\u00f8vmuskelmassage.dk<\/p>\n\t\t\n<style>\n#text-1471723345 {\n  font-size: 0.85rem;\n}\n<\/style>\n\t<\/div>\n\t\n\n\t\t<\/div>\n\t\t\t\t\t<\/div>\n\n\t\n\n<\/div>\n\n\t\t<\/div>\n\n\t\t\n<style>\n#section_1729557980 {\n  padding-top: 15px;\n  padding-bottom: 15px;\n  background-color: rgb(47, 47, 47);\n}\n<\/style>\n\t<\/section>\n\t\n\n","protected":false},"excerpt":{"rendered":"","protected":false},"author":5,"featured_media":0,"parent":0,"menu_order":0,"comment_status":"closed","ping_status":"closed","template":"page-blank.php","meta":{"footnotes":""},"class_list":["post-2506","page","type-page","status-publish","hentry"],"_links":{"self":[{"href":"https:\/\/mmm.massageimaalov.dk\/index.php?rest_route=\/wp\/v2\/pages\/2506","targetHints":{"allow":["GET"]}}],"collection":[{"href":"https:\/\/mmm.massageimaalov.dk\/index.php?rest_route=\/wp\/v2\/pages"}],"about":[{"href":"https:\/\/mmm.massageimaalov.dk\/index.php?rest_route=\/wp\/v2\/types\/page"}],"author":[{"embeddable":true,"href":"https:\/\/mmm.massageimaalov.dk\/index.php?rest_route=\/wp\/v2\/users\/5"}],"replies":[{"embeddable":true,"href":"https:\/\/mmm.massageimaalov.dk\/index.php?rest_route=%2Fwp%2Fv2%2Fcomments&post=2506"}],"version-history":[{"count":8,"href":"https:\/\/mmm.massageimaalov.dk\/index.php?rest_route=\/wp\/v2\/pages\/2506\/revisions"}],"predecessor-version":[{"id":2834,"href":"https:\/\/mmm.massageimaalov.dk\/index.php?rest_route=\/wp\/v2\/pages\/2506\/revisions\/2834"}],"wp:attachment":[{"href":"https:\/\/mmm.massageimaalov.dk\/index.php?rest_route=%2Fwp%2Fv2%2Fmedia&parent=2506"}],"curies":[{"name":"wp","href":"https:\/\/api.w.org\/{rel}","templated":true}]}}