{"id":2207,"date":"2024-12-09T08:52:02","date_gmt":"2024-12-09T08:52:02","guid":{"rendered":"https:\/\/mmm.massageimaalov.dk\/?page_id=2207"},"modified":"2025-03-16T18:49:20","modified_gmt":"2025-03-16T18:49:20","slug":"gavekort-2","status":"publish","type":"page","link":"https:\/\/mmm.massageimaalov.dk\/?page_id=2207","title":{"rendered":"Gavekort"},"content":{"rendered":"\n\n  <div class=\"banner has-hover\" id=\"banner-766809587\">\n          <div class=\"banner-inner fill\">\n        <div class=\"banner-bg fill\" >\n                                                \n                    <\/div>\n\t\t\n        <div class=\"banner-layers container\">\n            <div class=\"fill banner-link\"><\/div>            \n\n   <div id=\"text-box-467812311\" class=\"text-box banner-layer x50 md-x50 lg-x50 y50 md-y50 lg-y50 res-text\">\n                                <div class=\"text-box-content text dark\">\n              \n              <div class=\"text-inner text-center\">\n                  \n\n\t<div id=\"text-3072306886\" class=\"text\">\n\t\t\n\n<div class=\"uppercase\"><strong>Gavekort<\/strong><\/div>\n\t\t\n<style>\n#text-3072306886 {\n  font-size: 1.55rem;\n}\n@media (min-width:550px) {\n  #text-3072306886 {\n    font-size: 3.5rem;\n  }\n}\n<\/style>\n\t<\/div>\n\t\n\n              <\/div>\n           <\/div>\n                            \n<style>\n#text-box-467812311 {\n  width: 60%;\n}\n#text-box-467812311 .text-box-content {\n  font-size: 100%;\n}\n<\/style>\n    <\/div>\n \n\n        <\/div>\n      <\/div>\n\n            \n<style>\n#banner-766809587 {\n  padding-top: 125px;\n}\n@media (min-width:550px) {\n  #banner-766809587 {\n    padding-top: 300px;\n  }\n}\n<\/style>\n  <\/div>\n\n\n\n\t<section class=\"section\" id=\"section_746950447\">\n\t\t<div class=\"section-bg fill\" >\n\t\t\t\t\t\t\t\t\t\n\t\t\t\n\n\t\t<\/div>\n\n\t\t\n\n\t\t<div class=\"section-content relative\">\n\t\t\t\n\n<div class=\"row row-full-width\"  id=\"row-1822987051\">\n\n\n\t<div id=\"col-499679026\" class=\"col hide-for-small medium-1 small-12 large-1\"  >\n\t\t\t\t<div class=\"col-inner\" style=\"background-color:rgb(229, 152, 84);\" >\n\t\t\t\n\t\t\t\n\n\n\t\t<\/div>\n\t\t\t\t\t<\/div>\n\n\t\n\n\t<div id=\"col-1777006492\" class=\"col medium-10 small-12 large-10\"  >\n\t\t\t\t<div class=\"col-inner\"  >\n\t\t\t\n\t\t\t\n\n<div class=\"row row-full-width\"  id=\"row-1517913023\">\n\n\n\t<div id=\"col-1682483081\" class=\"col medium-9 small-12 large-9\"  >\n\t\t\t\t<div class=\"col-inner\" style=\"background-color:rgb(255,255,255);\" >\n\t\t\t\n\t\t\t\n\n<h3>Gavekort til massage hos M\u00e5l\u00f8v Muskel Massage<\/h3>\n<p>Hos\u00a0Hos M\u00e5l\u00f8v Muskel Massage kan du k\u00f8be gavekort til alle mine behandlinger. Bes\u00f8g klinikken eller ring til mig for en uforpligtende snak om, hvilken behandling der passer bedst til modtageren af dit gavekort.<br \/>Hvis du ikke er sikker p\u00e5, hvilken behandling modtageren har brug for, er det ikke noget problem \u2013 vi finder sammen den rette behandling, n\u00e5r de kommer i klinikken. Prisen afh\u00e6nger af behandlingens varighed og ikke typen, s\u00e5 modtageren har frit valg inden for den valgte tidsramme.<br \/><br \/><strong>Jeg tilbyder to muligheder for gavekort::<\/strong><\/p>\n<p><strong>Printvenlig PDF\u2028:<\/strong><\/p>\n<p>Et gavekort, som sendes til din mail, klar til at printe. Det indeholder et unikt kortnummer og aktiveres, n\u00e5r betalingen er registreret.\u2028<br \/><br \/><strong>S\u00e5dan bestiller du et gavekort til print:\u2028<\/strong><br \/>Send en mail til: <a href=\"mailto:info@massageimaalov.dk\">info@massageimaalov.dk<\/a>\u2028Inkluder f\u00f8lgende oplysninger:<\/p>\n<ul>\n<li>\u00d8nsket behandling<\/li>\n<li>Antal minutter<\/li>\n<li>Mailadresse (hvis du \u00f8nsker den printvenlige udgave)<\/li>\n<li>Telefonnummer<\/li>\n<\/ul>\n<p><strong>Trykt gavekort med konvolut:<\/strong><\/p>\n<p>Et fysisk gavekort, som kan k\u00f8bes direkte i klinikken. Du kan booke tid til afhentning af gavekortet via tidsbestilling.<\/p>\n<p><strong>G\u00e5 til tidsbestilling her:<\/strong><br \/>Under tidsbestilling skal du v\u00e6lge \u201ck\u00f8b af gavekort\u201d for at booke en tid til afhentning.<\/p>\n<a href=\"\/?page_id=108\" class=\"button primary is-xsmall\"  >\n\t\t<span>Book her<\/span>\n\t<\/a>\n\n\n\n\t\t<\/div>\n\t\t\t\t\n<style>\n#col-1682483081 > .col-inner {\n  padding: 40px 0px 0px 40px;\n  margin: 0px 0px -25px 0px;\n}\n<\/style>\n\t<\/div>\n\n\t\n\n\t<div id=\"col-920055331\" class=\"col col-background-color medium-3 small-12 large-3\"  >\n\t\t\t\t<div class=\"col-inner text-right\"  >\n\t\t\t\n\t\t\t\n\n\t<div class=\"img has-hover x md-x lg-x y md-y lg-y\" id=\"image_1441690136\">\n\t\t\t\t\t\t\t\t<div class=\"img-inner dark\" style=\"margin:40px 0px 0px 0px;\">\n\t\t\t<img loading=\"lazy\" decoding=\"async\" width=\"1920\" height=\"2560\" src=\"https:\/\/mmm.massageimaalov.dk\/wp-content\/uploads\/2024\/12\/IMG_9684-scaled-1.jpg\" class=\"attachment-original size-original\" alt=\"\" srcset=\"https:\/\/mmm.massageimaalov.dk\/wp-content\/uploads\/2024\/12\/IMG_9684-scaled-1.jpg 1920w, https:\/\/mmm.massageimaalov.dk\/wp-content\/uploads\/2024\/12\/IMG_9684-scaled-1-225x300.jpg 225w, https:\/\/mmm.massageimaalov.dk\/wp-content\/uploads\/2024\/12\/IMG_9684-scaled-1-768x1024.jpg 768w, https:\/\/mmm.massageimaalov.dk\/wp-content\/uploads\/2024\/12\/IMG_9684-scaled-1-1152x1536.jpg 1152w, https:\/\/mmm.massageimaalov.dk\/wp-content\/uploads\/2024\/12\/IMG_9684-scaled-1-1536x2048.jpg 1536w\" sizes=\"auto, (max-width: 1920px) 100vw, 1920px\" \/>\t\t\t\t\t\t\n\t\t\t\t\t<\/div>\n\t\t\t\t\t\t\t\t\n<style>\n#image_1441690136 {\n  width: 88%;\n}\n@media (min-width:550px) {\n  #image_1441690136 {\n    width: 100%;\n  }\n}\n<\/style>\n\t<\/div>\n\t\n\n\n\t\t<\/div>\n\t\t\t\t\t<\/div>\n\n\t\n\n<\/div>\n\n\t\t<\/div>\n\t\t\t\t\n<style>\n#col-1777006492 > .col-inner {\n  padding: 0px 0px 0px 0px;\n  margin: 0px 0px -55px 0px;\n}\n<\/style>\n\t<\/div>\n\n\t\n\n\t<div id=\"col-1702316563\" class=\"col hide-for-small medium-1 small-12 large-1\"  >\n\t\t\t\t<div class=\"col-inner\" style=\"background-color:rgb(229, 152, 84);\" >\n\t\t\t\n\t\t\t\n\n\n\t\t<\/div>\n\t\t\t\t\t<\/div>\n\n\t\n\n\n<style>\n#row-1822987051 > .col > .col-inner {\n  background-color: rgb(255,255,255);\n}\n<\/style>\n<\/div>\n\n\t\t<\/div>\n\n\t\t\n<style>\n#section_746950447 {\n  padding-top: 30px;\n  padding-bottom: 30px;\n  background-color: rgb(229, 152, 84);\n}\n<\/style>\n\t<\/section>\n\t\n\n\t<section class=\"section\" id=\"section_1565780848\">\n\t\t<div class=\"section-bg fill\" >\n\t\t\t\t\t\t\t\t\t\n\t\t\t\n\n\t\t<\/div>\n\n\t\t\n\n\t\t<div class=\"section-content relative\">\n\t\t\t\n\n<div class=\"row row-full-width\"  id=\"row-865299923\">\n\n\n\t<div id=\"col-1096068189\" class=\"col hide-for-small medium-1 small-12 large-1\"  >\n\t\t\t\t<div class=\"col-inner\"  >\n\t\t\t\n\t\t\t\n\n\n\t\t<\/div>\n\t\t\t\t\t<\/div>\n\n\t\n\n\t<div id=\"col-1248768472\" class=\"col medium-10 small-12 large-10\"  >\n\t\t\t\t<div class=\"col-inner\" style=\"background-color:rgb(255, 255, 255);\" >\n\t\t\t\n\t\t\t\n\n\t<div id=\"text-892797149\" class=\"text col-padding-left\">\n\t\t\n\n<p><h5>Velv\u00e6re massage \u2013 fork\u00e6l dig selv eller en, du holder af<\/h5>\n<p>Velv\u00e6re massage hj\u00e6lper med at l\u00f8sne sp\u00e6ndinger, reducere stress og giver fornyet energi i hverdagen.<\/p>\n<p><strong>Priser:<\/strong><\/p>\n<ul>\n<li>30 minutter: 350,-<\/li>\n<li>45 minutter: 450,-<\/li>\n<li>60 minutter: 550,-<\/li>\n<\/ul>\n<h5>Terapeutisk massage \u2013 lindring af smerter<\/h5>\n<p>Denne massage er ideel, hvis modtageren har specifikke problemstillinger s\u00e5som sp\u00e6ndingshovedpine, nakkesmerter eller rygproblemer. Behandlingen reducerer smerter, l\u00f8sner myoser, infiltrationer og triggerpunkter samt forbedrer muskulaturens funktion og underst\u00f8tter helingsprocessen.<\/p>\n<p><strong>Priser:<\/strong><\/p>\n<ul>\n<li>30 minutter: 350,-<\/li>\n<li>45 minutter: 450,-<\/li>\n<li>60 minutter: 550,-<\/li>\n<\/ul>\n<p>\u00a0<\/p>\n<p>Med venlig hilsen<br \/><em>Tina Bangs\u00f8<\/em><br \/><strong>M\u00e5l\u00f8v Muskel Massage<\/strong><\/p>\n\t\t\t<\/div>\n\t\n\n\t\t<\/div>\n\t\t\t\t\n<style>\n#col-1248768472 > .col-inner {\n  margin: -8px 0px 0px 0px;\n}\n<\/style>\n\t<\/div>\n\n\t\n\n\t<div id=\"col-179455795\" class=\"col hide-for-small medium-1 small-12 large-1\"  >\n\t\t\t\t<div class=\"col-inner\"  >\n\t\t\t\n\t\t\t\n\n\n\t\t<\/div>\n\t\t\t\t\t<\/div>\n\n\t\n\n\n<style>\n#row-865299923 > .col > .col-inner {\n  padding: 0px 0px 0px 0px;\n}\n<\/style>\n<\/div>\n\n\t\t<\/div>\n\n\t\t\n<style>\n#section_1565780848 {\n  padding-top: 3px;\n  padding-bottom: 3px;\n  background-color: rgb(229, 152, 84);\n}\n<\/style>\n\t<\/section>\n\t\n\n","protected":false},"excerpt":{"rendered":"","protected":false},"author":5,"featured_media":0,"parent":0,"menu_order":0,"comment_status":"closed","ping_status":"closed","template":"page-blank.php","meta":{"footnotes":""},"class_list":["post-2207","page","type-page","status-publish","hentry"],"_links":{"self":[{"href":"https:\/\/mmm.massageimaalov.dk\/index.php?rest_route=\/wp\/v2\/pages\/2207","targetHints":{"allow":["GET"]}}],"collection":[{"href":"https:\/\/mmm.massageimaalov.dk\/index.php?rest_route=\/wp\/v2\/pages"}],"about":[{"href":"https:\/\/mmm.massageimaalov.dk\/index.php?rest_route=\/wp\/v2\/types\/page"}],"author":[{"embeddable":true,"href":"https:\/\/mmm.massageimaalov.dk\/index.php?rest_route=\/wp\/v2\/users\/5"}],"replies":[{"embeddable":true,"href":"https:\/\/mmm.massageimaalov.dk\/index.php?rest_route=%2Fwp%2Fv2%2Fcomments&post=2207"}],"version-history":[{"count":16,"href":"https:\/\/mmm.massageimaalov.dk\/index.php?rest_route=\/wp\/v2\/pages\/2207\/revisions"}],"predecessor-version":[{"id":2832,"href":"https:\/\/mmm.massageimaalov.dk\/index.php?rest_route=\/wp\/v2\/pages\/2207\/revisions\/2832"}],"wp:attachment":[{"href":"https:\/\/mmm.massageimaalov.dk\/index.php?rest_route=%2Fwp%2Fv2%2Fmedia&parent=2207"}],"curies":[{"name":"wp","href":"https:\/\/api.w.org\/{rel}","templated":true}]}}